{"id":55,"date":"2014-01-31T21:23:10","date_gmt":"2014-01-31T20:23:10","guid":{"rendered":"http:\/\/brandbergenstrafikskola.se\/wp\/?page_id=55"},"modified":"2014-02-13T22:24:07","modified_gmt":"2014-02-13T21:24:07","slug":"har-korkort","status":"publish","type":"page","link":"https:\/\/bratrafik.se\/?page_id=55","title":{"rendered":"Har k\u00f6rkort"},"content":{"rendered":"<p><span style=\"color: #000000; font-family: Calibri;\">Du som redan har k\u00f6rkort och vill uppdatera dina\u00a0 k\u00f6rkunskaper praktiskt och\/eller teoretiskt f\u00f6r att k\u00e4nna dig s\u00e4ker i trafiken.\u00a0 Vi erbjuder kompletterande tr\u00e4ning individuellt anpassad just f\u00f6r dig. Det finns\u00a0 m\u00e5nga anledningar att k\u00e4nna sig lite os\u00e4ker i trafiken som till\u00a0 exempel:<\/span><\/p>\n<p><span style=\"color: #000000; font-family: Symbol;\">\u00b7\u00a0 <\/span><span style=\"color: #000000; font-family: Calibri;\">Det var l\u00e4nge\u00a0 sen jag tog k\u00f6rkort och mycket kan ha h\u00e4nt p\u00e5<br \/>\nomr\u00e5det som jag\u00a0 kanske missat!<br \/>\n<\/span><span style=\"color: #000000; font-family: Symbol;\">\u00b7 <\/span><span style=\"color: #000000; font-family: Calibri;\">Har k\u00f6rt v\u00e4ldigt lite sedan jag tog k\u00f6rkort och nu beh\u00f6ver\u00a0 jag<br \/>\nk\u00f6ra bil!<br \/>\n<\/span><span style=\"color: #000000; font-family: Symbol;\">\u00b7 <\/span><span style=\"color: #000000; font-family: Calibri;\">Har liten erfarenhet av Stockholmstrafiken!<br \/>\n<\/span><span style=\"color: #000000; font-family: Symbol;\">\u00b7 <\/span><span style=\"color: #000000; font-family: Calibri;\">Skall bli handledare och vill\u00a0 sj\u00e4lv f\u00f6reg\u00e5 med gott exempel!<br \/>\n<\/span><span style=\"color: #000000; font-family: Symbol;\">\u00b7 <\/span><span style=\"color: #000000; font-family: Calibri;\">Tycker det \u00e4r sv\u00e5rt att parkera och undviker att k\u00f6ra d\u00e4r det\u00a0 kan<br \/>\nvara mycket bilar!<br \/>\n<\/span><span style=\"color: #000000; font-family: Symbol;\">\u00b7 <\/span><span style=\"color: #000000; font-family: Calibri;\">Vet inte riktigt hur man egentligen ska k\u00f6ra i en<br \/>\ncirkulationsplats f\u00f6r att det ska bli r\u00e4tt!<br \/>\n<\/span><span style=\"color: #000000; font-family: Symbol;\">\u00b7 <\/span><span style=\"color: #000000; font-family: Calibri;\">K\u00f6rf\u00e4ltsbyten k\u00e4nns farliga\u00a0 och sv\u00e5ra att genomf\u00f6ra!<br \/>\n<\/span><span style=\"color: #000000; font-family: Symbol;\">\u00b7 <\/span><span style=\"color: #000000; font-family: Calibri;\">Os\u00e4kert vilka v\u00e4jningsregler som g\u00e4ller i olika\u00a0 korsningar!<br \/>\n<\/span><span style=\"color: #000000; font-family: Symbol;\">\u00b7\u00a0 <\/span><span style=\"color: #000000; font-family: Calibri;\">V\u00e5gar inte k\u00f6ra\u00a0 inne i Stockholms innerstad!<br \/>\n<\/span><span style=\"color: #000000; font-family: Symbol;\">\u00b7 <\/span><span style=\"color: #000000; font-family: Calibri;\">\u00c4r r\u00e4dd om milj\u00f6n och vill p\u00e5verka den minsta m\u00f6jliga n\u00e4r\u00a0 jag<br \/>\nanv\u00e4nder bilen!<\/span><\/p>\n<p>Kontakta oss f\u00f6r mer\u00a0 information\/r\u00e5dgivning p\u00e5 telefon<br \/>\n08-741 17 00 eller p\u00e5 plats under\u00a0 kontorstid (<span style=\"color: #0000ff; font-family: Calibri;\"><span style=\"text-decoration: underline;\"><a href=\"http:\/\/bratrafik.se\/?page_id=27\">se\u00a0 kontakt<\/a><\/span><\/span><span style=\"color: #000000; font-family: Calibri;\">).<\/span><\/p>\n","protected":false},"excerpt":{"rendered":"<p>Du som redan har k\u00f6rkort och vill uppdatera dina\u00a0 k\u00f6rkunskaper praktiskt och\/eller teoretiskt f\u00f6r att k\u00e4nna dig s\u00e4ker i trafiken.\u00a0 Vi erbjuder kompletterande tr\u00e4ning individuellt anpassad just f\u00f6r dig. Det finns\u00a0 m\u00e5nga anledningar att k\u00e4nna sig lite os\u00e4ker i trafiken som till\u00a0 exempel: \u00b7\u00a0 Det var l\u00e4nge\u00a0 sen jag tog\u2026<\/p>\n<p class=\"continue-reading-button\"> <a class=\"continue-reading-link\" href=\"https:\/\/bratrafik.se\/?page_id=55\">Continue reading<i class=\"crycon-right-dir\"><\/i><\/a><\/p>\n","protected":false},"author":1,"featured_media":0,"parent":0,"menu_order":0,"comment_status":"closed","ping_status":"closed","template":"","meta":[],"_links":{"self":[{"href":"https:\/\/bratrafik.se\/index.php?rest_route=\/wp\/v2\/pages\/55"}],"collection":[{"href":"https:\/\/bratrafik.se\/index.php?rest_route=\/wp\/v2\/pages"}],"about":[{"href":"https:\/\/bratrafik.se\/index.php?rest_route=\/wp\/v2\/types\/page"}],"author":[{"embeddable":true,"href":"https:\/\/bratrafik.se\/index.php?rest_route=\/wp\/v2\/users\/1"}],"replies":[{"embeddable":true,"href":"https:\/\/bratrafik.se\/index.php?rest_route=%2Fwp%2Fv2%2Fcomments&post=55"}],"version-history":[{"count":4,"href":"https:\/\/bratrafik.se\/index.php?rest_route=\/wp\/v2\/pages\/55\/revisions"}],"predecessor-version":[{"id":142,"href":"https:\/\/bratrafik.se\/index.php?rest_route=\/wp\/v2\/pages\/55\/revisions\/142"}],"wp:attachment":[{"href":"https:\/\/bratrafik.se\/index.php?rest_route=%2Fwp%2Fv2%2Fmedia&parent=55"}],"curies":[{"name":"wp","href":"https:\/\/api.w.org\/{rel}","templated":true}]}}